ivided by 4383.
1170
What is the remainder when 31853540 is divided by 29?
27
Calculate the remainder when 462467 is divided by 20106.
29
What is the remainder when 2291146 is divided by 7?
4
What is the remainder when 268288054 is divided by 73?
60
Calculate the remainder when 108136109 is divided by 312532.
37
What is the remainder when 11970 is divided by 8716?
3254
What is the remainder when 52419804 is divided by 6846?
6828
Calculate the remainder when 5347726 is divided by 411363.
7
What is the remainder when 541213 is divided by 403?
387
Calculate the remainder when 46978569 is divided by 4270774.
55
Calculate the remainder when 295789 is divided by 1070.
469
What is the remainder when 17705 is divided by 1203?
863
Calculate the remainder when 62209271 is divided by 29.
8
What is the remainder when 61701 is divided by 2031?
771
Calculate the remainder when 304749053 is divided by 76187262.
5
What is the remainder when 38279 is divided by 30855?
7424
Calculate the remainder when 53032596 is divided by 71.
69
What is the remainder when 1933616 is divided by 2180?
2136
What is the remainder when 148737 is divided by 2318?
385
Calculate the remainder when 3160489 is divided by 327.
34
What is the remainder when 2547859 is divided by 636962?
11
Calculate the remainder when 139702905 is divided by 735.
720
Calculate the remainder when 944226 is divided by 9257.
12
Calculate the remainder when 5607530 is divided by 2803746.
38
Calculate the remainder when 27199237 is divided by 121.
10
What is the remainder when 252647323 is divided by 51?
4
Calculate the remainder when 16914716 is divided by 801.
800
What is the remainder when 414998 is divided by 745?
33
Calculate the remainder when 4187118 is divided by 4109.
47
Calculate the remainder when 54125 is divided by 5214.
1985
Calculate the remainder when 175020 is divided by 723.
54
What is the remainder when 5186405 is divided by 2350?
2305
Calculate the remainder when 637255 is divided by 3834.
811
What is the remainder when 2186807 is divided by 344?
343
What is the remainder when 40078705 is divided by 3272?
3249
What is the remainder when 6896265 is divided by 75?
15
Calculate the remainder when 19922034 is divided by 40328.
2
Calculate the remainder when 139751089 is divided by 148.
17
Calculate the remainder when 1263590 is divided by 3652.
3650
Calculate the remainder when 106727498 is divided by 53363742.
14
What is the remainder when 33141088 is divided by 7?
1
What is the remainder when 212958 is divided by 869?
53
What is the remainder when 300698 is divided by 508?
470
Calculate the remainder when 37990 is divided by 931.
750
Calculate the remainder when 509240 is divided by 692.
620
Calculate the remainder when 40928513 is divided by 1266.
1265
Calculate the remainder when 5141496 is divided by 584.
544
What is the remainder when 490902 is divided by 525?
27
What is the remainder when 146909 is divided by 80?
29
What is the remainder when 930820 is divided by 149?
17
What is the remainder when 72684611 is divided by 132?
131
Calculate the remainder when 36453 is divided by 45.
3
What is the remainder when 253978657 is divided by 260?
257
Calculate the remainder when 2020385 is divided by 72.
65
Calculate the remainder when 6332093 is divided by 6331982.
111
What is the remainder when 26174 is divided by 1108?
690
What is the remainder when 185568 is divided by 37081?
163
What is the remainder when 11428976 is divided by 5714439?
98
Calculate the remainder when 8175 is divided by 1580.
275
Calculate the remainder when 19517304 is divided by 21.
9
What is the remainder when 2720694 is divided by 122?
94
Calculate the remainder when 373234558 is divided by 16.
14
Calculate the remainder when 5423701 is divided by 602626.
67
Calculate the remainder when 4456479 is divided by 41.
25
Calculate the remainder when 16092 is divided by 16080.
12
What is the remainder when 65534 is divided by 1150?
1134
Calculate the remainder when 8426945 is divided by 595.
555
What is the remainder when 63990 is divided by 12797?
5
Calculate the remainder when 8140775 is divided by 7503.
20
Calculate the remainder when 499074 is divided by 124695.
294
Calculate the remainder when 17001574 is divided by 770.
744
Calculate the remainder when 38524592 is divided by 98.
8
What is the remainder when 3214829 is divided by 232?
5
Calculate the remainder when 106193 is divided by 5173.
2733
What is the remainder when 2698115 is divided by 454?
447
What is the remainder when 764258 is divided by 254750?
8
Calculate the remainder when 389408 is divided by 389361.
47
Calculate the remainder when 1112760 is divided by 222533.
95
What is the remainder when 93019 is divided by 46403?
213
What is the remainder when 623769 is divided by 36668?
413
What is the remainder when 173938783 is divided by 23?
18
Calculate the remainder when 2184055 is divided by 435980.
4155
What is the remainder when 6678552 is divided by 6678536?
16
What is the remainder when 198131 is divided by 9895?
231
What is the remainder when 24948 is divided by 130?
118
What is the remainder when 43060973 is divided by 936108?
5
What is the remainder when 218884 is divided by 108445?
1994
What is the remainder when 43757 is divided by 4368?
77
Calculate the remainder when 64536 is divided by 6381.
726
What is the remainder when 17505397 is divided by 17?
4
What is the remainder when 4395743 is divided by 879139?
48
Calculate the remainder when 221518 is divided by 8515.
128
What is the remainder when 149499 is divided by 14937?
129
Calculate the remainder when 976540 is divided by 9039.
328
What is the remainder when 27879395 is divided by 1267244?
27
Calculate the remainder when 66695 is divided by 33124.
447
What is the remainder when 13964918 is divided by 195?
188
Calculate the remainder when 6773698 is divided by 1247.
1241
What is the remainder when 8189024 is divided by 1364831?
38
What is the remainder when 108557 is divided by 18068?
149
Calculate the remainder when 7571663 is divided by 8805.
8168
What is the remainder when 150035 is divided by 2464?
2195
What is the remainder when 90112742 is divided by 116?
114
What is the remainder when 476944 is divided by 476894?
50
Calculate the remainder when 89080367 is divided by 149.
121
Calculate the remainder when 104060 is divided by 6098.
394
What is the remainder when 116517 is divided by 5066?
5065
What is the remainder when 65140 is divided by 3967?
1668
Calculate the remainder when 1664744 is divided by 39.
29
Calculate the remainder when 94753184 is divided by 12925.
9
What is the remainder when 2845145 is divided by 474189?
11
What is the remainder when 7555969 is divided by 30?
19
What is the remainder when 100715 is divided by 1973?
92
What is the remainder when 147439 is divided by 9213?
31
Calculate the remainder when 20458995 is divided by 1076789.
4
What is the remainder when 474405 is divided by 33?
30
What is the remainder when 142221 is divided by 795?
711
Calculate the remainder when 2349350 is divided by 83.
35
Calculate the remainder when 419849 is divided by 91.
66
What is the remainder when 2408 is divided by 775?
83
What is the remainder when 107572 is divided by 342?
184
Calculate the remainder when 571779 is divided by 942.
927
Calculate the remainder when 104700 is divided by 34789.
333
Calculate the remainder when 36751 is divided by 171.
157
What is the remainder when 13247138 is divided by 11332?
30
Calculate the remainder when 3104094 is divided by 222.
90
What is the remainder when 19861 is divided by 18324?
1537
What is the remainder when 3358400 is divided by 124385?
5
Calculate the remainder when 45119721 is divided by 2272.
73
Calculate the remainder when 168440253 is divided by 211.
8
Calculate the remainder when 239553 is divided by 7216.
1425
Calculate the remainder when 88965 is divided by 1869.
1122
What is the remainder when 44892 is divided by 96?
60
Calculate the remainder when 2148 is divided by 891.
366
What is the remainder when 3710332 is divided by 38?
12
What is the remainder when 940361 is divided by 32426?
7
Calculate the remainder when 327204982 is divided by 23.
13
Calculate the remainder when 1282408 is divided by 18060.
148
What is the rema